t and 8.
8
Let m = -71 + 104. Suppose -2*c + 3 = -m. Let u = -10 + c. What is the highest common divisor of 4 and u?
4
Suppose 2*q - 14 = -q - u, -5*q + 22 = 2*u. What is the greatest common factor of q and 54?
6
Let k = 59 + 16. What is the greatest common factor of k and 50?
25
Suppose 0 = 54*t - 51*t - 36. Suppose -4 + 0 = -u. Suppose 221 = u*j - 307. Calculate the greatest common factor of j and t.
12
Let k(s) = s**3 - 7*s**2 - 7*s - 8. Let q be k(8). Suppose c = -q*c + 11. What is the highest common factor of c and 22?
11
Suppose 13*m - 280 = 3*m. Calculate the highest common divisor of m and 196.
28
Suppose -5*l - 62 = -2*f - 8*l, 86 = 3*f + l. What is the highest common divisor of 8 and f?
4
Let n = 395 - 597. Let a = n - -290. Calculate the greatest common divisor of a and 11.
11
Let w(a) = a**2 - 1. Let r be w(8). Calculate the highest common factor of r and 18.
9
Suppose d + y - 36 = 0, -2*y - 4 = -6*y. What is the greatest common factor of d and 70?
35
Suppose -5*j + 11 = 26, 5*n - 105 = 5*j. Suppose 2*w + w - n = 0. Suppose -36 = -w*d + 2*d. Calculate the greatest common factor of 18 and d.
9
Let v(f) = 33*f**3 + 2*f**2 - 1. Let d be v(1). Suppose d + 28 = -2*z. Let s = 45 + z. Calculate the greatest common divisor of s and 21.
7
Let l be 90/(-4)*32/(-24). Let v(w) = w**2 + 10. Let f be v(0). What is the greatest common factor of f and l?
10
Let t = -684 - -1062. What is the greatest common factor of t and 42?
42
Let p be (-10 + 73)*(-2)/(-3). Calculate the highest common factor of p and 14.
14
Suppose -36 = -b - 5*y, b - 84 = -3*b - 5*y. Let n = b - 6. What is the highest common factor of 70 and n?
10
Let r(b) = 8*b + 7. Let l be r(1). What is the highest common factor of 55 and l?
5
Suppose 0 = 53*a - 27*a - 78. Let n = -11 + 15. Suppose 12 = 3*q, 3*z + n*q = 37 - 15. What is the highest common factor of z and a?
1
Suppose -3 = 3*g - 9. Calculate the highest common factor of g and 4.
2
Let m(s) = -5 + 4 + 4*s + 3*s**2 - 3. Let g be m(3). Calculate the greatest common divisor of g and 5.
5
Let n be (9/27)/(3/108). What is the highest common factor of n and 12?
12
Let z(t) = t**2 + 1. Let w be 4/3 - (-2)/(-6). Let r be z(w). Calculate the highest common divisor of r and 5.
1
Let w(j) = 3*j + 6. Let l be 148/24 - (-4)/(-24). Let f be w(l). Calculate the highest common divisor of 3 and f.
3
Suppose 3*z = 2*t, 3*z = -0*t - 2*t - 24. Let a = t + 9. Calculate the greatest common factor of 3 and a.
3
Let x(k) = k**2 - 3*k + 1. Let p be x(4). Suppose -p*m + 74 + 46 = 0. Suppose 3*r = 7 + 11. What is the highest common divisor of m and r?
6
Let r(b) = -b**3 - 6*b**2 - 4*b - 3. Let n be r(-6). Suppose 0*t = -2*t + 6. Calculate the greatest common divisor of t and n.
3
Let k be (16/(-10))/((-4)/90). Calculate the greatest common divisor of k and 48.
12
Suppose m + 2*h = 3*h + 447, -1357 = -3*m - h. Calculate the greatest common factor of 41 and m.
41
Let l(g) = 15*g. Suppose -r - 4*r = -10. Let y be (-21)/(-4) + r/(-8). Let j be l(y). Calculate the greatest common factor of j and 30.
15
Suppose -175 = -5*b - 5*m, 5 = -3*m + 8*m. Suppose -y = -15 - 223. Calculate the highest common factor of y and b.
34
Let w be (-4)/(-6)*(-1566)/6. Let i = 255 + w. What is the greatest common divisor of 9 and i?
9
Let k(j) = -j**3 + 7*j**2 - 4*j - 1. Let x be k(6). Suppose -2*p = -4*p - 2*v + 22, 2*p - 22 = -3*v. Calculate the highest common factor of x and p.
11
Let r = 7 + -4. Suppose 0*s - s + 12 = -2*j, -2*s = -r*j - 27. What is the greatest common divisor of s and 12?
6
Let w = 131 - 82. Calculate the greatest common divisor of 539 and w.
49
Let x = -32 + 108. Suppose -5*s + u + 135 = 0, -2*s - 2*u - 2*u + x = 0. Let f = 0 + 4. Calculate the highest common divisor of s and f.
4
Let s = -17 + 42. Calculate the greatest common factor of 5 and s.
5
Let c be 10 - 1*(-1 - 0). Let o be 2/((-4)/(-99))*2. Calculate the greatest common divisor of c and o.
11
Suppose -2*b = 5*g - 11 - 67, -2*b + 78 = -4*g. Let l = -109 - -122. What is the greatest common divisor of l and b?
13
Suppose 3*f - 37 - 8 = 0. Let u(p) = p**3 - 3*p**2 - 3*p + 1. Let t be u(5). Let g = t - 26. Calculate the highest common divisor of g and f.
5
Suppose -k + 4*k - 6 = 0. Let j(x) = -5 + 0*x + k*x + 0*x - 1. Let l be j(6). What is the greatest common divisor of 54 and l?
6
Suppose h = 32 - 5. Suppose 12 - h = 3*d. Let w(c) = 6*c**2 + 5*c + 1. Let z be w(d). What is the greatest common divisor of 14 and z?
14
Let t = 11 + -4. Let i be 3/(((-1)/3)/1). Let p = 16 + i. What is the highest common divisor of p and t?
7
Let v = -12 + 13. Let s be (80 - v) + -4 + 6. Calculate the greatest common divisor of s and 27.
27
Let d(t) = t**2 - 5*t + 2. Let z be d(5). Suppose 2*l - 200 = -z*l. Calculate the greatest common factor of l and 20.
10
Let r be 3/12 - 174/(-8). Let t(n) = -n**3 + 5. Let h be t(0). Let y = r + h. What is the greatest common factor of 9 and y?
9
Let y be 40/15*54/8. Let r(k) = -k + 1. Let t be r(-6). Suppose t*b - 4*b - 162 = 0. What is the greatest common divisor of y and b?
18
Let u be 1*146*4/8. Suppose 4*a - 3*g - 49 = 0, 3*a + 4*g + g - u = 0. Calculate the greatest common divisor of 16 and a.
16
Let l be 4/(-38) + (-5348)/(-266). Calculate the greatest common divisor of l and 12.
4
Suppose 10 = 5*r - 25. Suppose 2*q + 1 = 3*g - 4*g, q = -2*g - 5. Let t(v) = 50*v**2 - 1. Let u be t(q). What is the greatest common divisor of r and u?
7
Let y(t) = 3*t**2 + t - 1. Let c be y(-2). Let h(g) = g**3 - g**2 + g - 2. Let q be h(0). Let m = c + q. What is the greatest common divisor of m and 77?
7
Let i = -2 + -3. Let a(s) = -s**3 - 3*s**2 - 7*s - 1. Let u be a(i). What is the greatest common divisor of u and 12?
12
Suppose 4 = -2*k + 3*k + 3*l, 0 = -5*k + 4*l + 115. Let h = 36 + -17. Calculate the highest common factor of h and k.
19
Let g be 2/(-1)*150/(-4). Let k be (1 - 0)*g - 3. Suppose -7*w = -4*w - 24. What is the highest common factor of k and w?
8
Suppose 4*j = 4, -5*o + 596 = 2*j - 6*j. What is the greatest common divisor of 30 and o?
30
Suppose 2*f + 3*f = -25. Let g = -1 - f. Suppose 0 = -4*m + 2*m + 2. Calculate the highest common divisor of g and m.
1
Let t(p) = p**3 - 6*p**2 + 7*p. Let h be t(7). Calculate the greatest common factor of h and 14.
14
Let m(z) = -z - 6. Let w be m(-5). Let l(a) = 3*a**2 - 1. Let n be l(w). Calculate the greatest common factor of n and 5.
1
Suppose 4*t + 23 = -25. Let r(c) = c - 1. Let h(y) = -6*y - 9. Let u(x) = t*r(x) + h(x). Let j be u(-3). What is the greatest common divisor of j and 38?
19
Let d be (13 - -4) + (-8)/(-2). Calculate the greatest common divisor of d and 42.
21
Let z be 263*(-2 + 6/2). Suppose -z = -3*i + 1. Calculate the highest common divisor of i and 11.
11
Let u be -1 + 4 + (0 - 0). Let i(b) = 9*b + 4. Let m be i(u). Let q = -19 + m. Calculate the greatest common divisor of 6 and q.
6
Let j = 138 + 126. Suppose 642 - j = 3*v. What is the greatest common divisor of 14 and v?
14
Suppose -2*s + 0*s - 8 = 0, -s + 71 = 5*t. What is the highest common factor of 15 and t?
15
Suppose -6 = 2*k - 38. Suppose 4*g - 166 - 174 = 0. Suppose 3*m + 13 = g. Calculate the greatest common factor of k and m.
8
Let i(f) = -f**2 - 5*f - 4. Let l be i(-4). Suppose l = 2*t - 5 - 9. What is the highest common factor of 1 and t?
1
Let l(g) = g**2 + 8*g. Suppose v - 6*v - 25 = 0. Let s(m) = -m**2 - 2*m + 6. Let p be s(v). Let f be l(p). Calculate the highest common factor of 72 and f.
9
Suppose -3*u + u = -240. What is the greatest common factor of 15 and u?
15
Suppose 2*j + 3*i = 75 + 80, -5*j + 5*i + 375 = 0. Suppose j + 244 = 4*r. What is the highest common divisor of r and 32?
16
Suppose -r + 5*r = 68. Let b be (-3)/6*(-215 - -1). Let i = b - -29. What is the highest common divisor of i and r?
17
Let m(j) = j**3 - 7*j**2 - j + 9. Let c be m(7). Let h = 29 - 53. Let u = 40 + h. What is the greatest common divisor of u and c?
2
Let m = 114 - -26. Let a(b) = -4*b + 8. Let r be a(-3). Calculate the greatest common factor of m and r.
20
Let y be (6/4)/((-3)/4). Let i be (-93)/(-2) - (-3)/y. Let c be 8 - (1/(-1) + 0). What is the highest common factor of c and i?
9
Suppose 56 = 3*s + 5*p, 1 = -s - 3*p + 25. Let v be s + 5/((-10)/4). What is the 